divisor of 2320 and 7460.
20
Calculate the greatest common factor of 18 and 897003.
9
What is the greatest common divisor of 1551 and 344181?
141
What is the greatest common divisor of 1050531 and 747?
249
Calculate the highest common factor of 1417 and 2106.
13
What is the greatest common factor of 176263 and 893?
19
What is the highest common divisor of 178646 and 468?
26
What is the greatest common divisor of 100 and 246320?
20
Calculate the greatest common factor of 35179 and 3175.
127
Calculate the greatest common factor of 1272 and 2014.
106
Calculate the greatest common divisor of 30 and 26088.
6
What is the greatest common factor of 287042 and 784?
98
Calculate the highest common factor of 6957 and 9.
9
Calculate the greatest common factor of 3432 and 384.
24
Calculate the greatest common factor of 2494 and 419456.
58
Calculate the greatest common factor of 66856 and 16.
8
What is the highest common factor of 14 and 4382?
14
What is the greatest common factor of 1511079 and 51?
51
What is the highest common factor of 45 and 12605?
5
Calculate the greatest common factor of 9 and 3499533.
9
Calculate the greatest common divisor of 159632 and 88.
88
Calculate the highest common factor of 2928 and 168816.
48
What is the highest common factor of 100 and 4700?
100
What is the greatest common factor of 539 and 78331?
11
Calculate the greatest common factor of 514110 and 390.
30
What is the greatest common factor of 185120 and 208?
208
Calculate the highest common divisor of 14382 and 288.
18
Calculate the greatest common factor of 715419 and 27.
27
Calculate the highest common divisor of 14705 and 1921.
17
Calculate the greatest common factor of 360 and 105.
15
What is the highest common divisor of 6934823 and 14?
7
What is the greatest common divisor of 46936 and 88?
8
What is the greatest common divisor of 82 and 35629?
41
What is the highest common factor of 462612 and 114?
114
Calculate the greatest common factor of 9 and 69186.
3
What is the greatest common factor of 12525 and 375?
75
What is the greatest common factor of 5500 and 1166?
22
What is the greatest common divisor of 85910 and 4544?
142
What is the highest common factor of 596014 and 466?
466
Calculate the greatest common factor of 56 and 447804.
28
What is the highest common divisor of 2586 and 324112?
862
What is the greatest common factor of 2366 and 9856?
14
Calculate the highest common divisor of 10013 and 341.
31
What is the highest common divisor of 10 and 128200?
10
What is the highest common factor of 372900 and 675?
75
Calculate the highest common factor of 357833 and 194.
97
Calculate the greatest common factor of 128 and 221024.
32
Calculate the highest common factor of 408 and 13192.
136
Calculate the greatest common divisor of 350548 and 1716.
44
Calculate the greatest common divisor of 78150 and 10.
10
What is the greatest common factor of 21644 and 1036?
28
Calculate the greatest common divisor of 4126 and 5287469.
2063
What is the highest common factor of 903 and 40320?
21
What is the greatest common factor of 368852 and 22?
22
Calculate the highest common factor of 134185 and 450.
5
Calculate the greatest common divisor of 45 and 56358.
9
What is the greatest common factor of 58 and 1807976?
58
What is the highest common factor of 2387 and 63?
7
What is the greatest common factor of 288860 and 4730?
110
Calculate the highest common factor of 102 and 74120.
34
What is the greatest common factor of 91104 and 2756?
52
What is the greatest common factor of 1299 and 324?
3
What is the highest common factor of 31421 and 7969?
13
What is the greatest common factor of 143094 and 84?
42
Calculate the highest common divisor of 1400 and 90720.
280
Calculate the highest common factor of 41027 and 161.
7
What is the highest common factor of 24156 and 35563?
671
Calculate the highest common factor of 3712 and 58000.
464
Calculate the greatest common divisor of 1185 and 165.
15
What is the highest common factor of 537369 and 21?
21
Calculate the greatest common factor of 129773 and 35.
7
Calculate the highest common divisor of 140 and 31660.
20
What is the highest common divisor of 121756 and 244?
244
Calculate the highest common factor of 195 and 1985295.
195
Calculate the greatest common factor of 225 and 13545.
45
Calculate the highest common factor of 260 and 95.
5
What is the greatest common divisor of 11830 and 350?
70
What is the greatest common factor of 2391 and 75?
3
What is the greatest common divisor of 330 and 2270?
10
What is the highest common factor of 8778 and 572?
22
Calculate the highest common divisor of 235922 and 7249.
659
Calculate the highest common divisor of 716 and 1825084.
716
What is the highest common factor of 4212 and 9750?
78
Calculate the greatest common divisor of 3175 and 4699.
127
What is the greatest common divisor of 1271 and 5053?
31
Calculate the greatest common factor of 1210 and 5280.
110
Calculate the greatest common divisor of 5343 and 14001.
39
Calculate the highest common factor of 2138592 and 6.
6
Calculate the highest common divisor of 190 and 583585.
95
Calculate the greatest common factor of 942 and 19154.
314
What is the highest common divisor of 3 and 139614?
3
Calculate the greatest common factor of 26677 and 74.
37
Calculate the greatest common divisor of 46740 and 855.
285
Calculate the greatest common divisor of 2080 and 21920.
160
What is the greatest common divisor of 110 and 168982?
22
Calculate the highest common divisor of 559983 and 219.
219
What is the greatest common divisor of 14550 and 56454?
582
Calculate the highest common factor of 7920 and 7695.
45
Calculate the highest common divisor of 4375 and 385.
35
Calculate the greatest common divisor of 161 and 1408106.
161
What is the highest common factor of 103 and 2645349?
103
Calculate the greatest common divisor of 1216425 and 100.
25
What is the highest common factor of 137530 and 68?
34
Calculate the highest common divisor of 37927 and 782.
391
What is the highest common factor of 30 and 483810?
30
Calculate the greatest common factor of 30843 and 1937.
149
Calculate the greatest common factor of 2368 and 2738.
74
What is the greatest common divisor of 465003 and 2745?
549
What is the greatest common factor of 8 and 71728?
8
What is the highest common factor of 40799 and 3575?
11
Calculate the greatest common factor of 1 and 1431751.
1
What is the highest common factor of 243 and 340380?
9
Calculate the greatest common factor of 12679 and 4090.
409
What is the highest common divisor of 9880 and 325?
65
Calculate the highest common factor of 102 and 22578.
6
Calculate the highest common divisor of 6149 and 221923.
559
What is the greatest common divisor of 8 and 390968?
8
What is the greatest common factor of 41833 and 11?
11
What is the greatest common factor of 702 and 32240?
26
What is the greatest common divisor of 15456 and 90?
6
Calculate the highest common divisor of 14374448 and 1474.
1474
What is the highest common factor of 34996 and 52?
52
What is the highest common divisor of 11496 and 54?
6
What is the highest common divisor of 227 and 345721?
227
Calculate the highest common factor of 64 and 107584.
64
What is the highest common divisor of 84370 and 195?
65
What is the greatest common divisor of 3879 and 558?
9
Calculate the highest common factor of 561 and 1911327.
561
What is the greatest common factor of 809 and 17?
1
Calculate the highest common factor of 48816 and 92.
4
What is the greatest common factor of 21461570 and 130?
130
Calculate the greatest common factor of 1976 and 6968.
104
What is the highest common factor of 347752 and 272?
136
What is the greatest common factor of 7210 and 1210?
10
What is the highest common factor of 847 and 27?
1
Calculate the highest common divisor of 1612 and 57040.
124
What is the greatest common factor of 1050 and 62650?
350
What is the greatest common divisor of 10476 and 8924?
388
Calculate the highest common factor of 17900 and 148212.
716
What is the greatest common divisor of 464 and 2560?
16
Calculate the greatest common divisor of 96 and 65964.
12
What is the highest common divisor of 18015 and 30?
15
Calculate the greatest common factor of 28598 and 10586.
158
What is the greatest commo